{"id":8,"date":"2021-04-19T18:01:02","date_gmt":"2021-04-19T16:01:02","guid":{"rendered":"http:\/\/carolinegarric-kinesiologie.com\/?page_id=8"},"modified":"2021-11-09T19:52:27","modified_gmt":"2021-11-09T18:52:27","slug":"la-kinesiologie","status":"publish","type":"page","link":"https:\/\/carolinegarric-kinesiologie.com\/index.php\/la-kinesiologie\/","title":{"rendered":"La kin\u00e9siologie"},"content":{"rendered":"\t\t<div data-elementor-type=\"wp-page\" data-elementor-id=\"8\" class=\"elementor elementor-8\">\n\t\t\t\t\t\t<section class=\"elementor-section elementor-top-section elementor-element elementor-element-17bc14bb elementor-section-full_width elementor-section-height-min-height elementor-section-items-stretch elementor-section-height-default\" data-id=\"17bc14bb\" data-element_type=\"section\" data-settings=\"{&quot;background_background&quot;:&quot;classic&quot;}\">\n\t\t\t\t\t\t<div class=\"elementor-container elementor-column-gap-default\">\n\t\t\t\t\t<div class=\"elementor-column elementor-col-100 elementor-top-column elementor-element elementor-element-3d0034\" data-id=\"3d0034\" data-element_type=\"column\">\n\t\t\t<div class=\"elementor-widget-wrap elementor-element-populated\">\n\t\t\t\t\t\t<section class=\"elementor-section elementor-inner-section elementor-element elementor-element-dcb5361 elementor-section-boxed elementor-section-height-default elementor-section-height-default\" data-id=\"dcb5361\" data-element_type=\"section\">\n\t\t\t\t\t\t<div class=\"elementor-container elementor-column-gap-default\">\n\t\t\t\t\t<div class=\"elementor-column elementor-col-50 elementor-inner-column elementor-element elementor-element-f2f3108\" data-id=\"f2f3108\" data-element_type=\"column\">\n\t\t\t<div class=\"elementor-widget-wrap elementor-element-populated\">\n\t\t\t\t\t\t<div class=\"elementor-element elementor-element-25c4061 elementor-invisible elementor-widget elementor-widget-heading\" data-id=\"25c4061\" data-element_type=\"widget\" data-settings=\"{&quot;_animation&quot;:&quot;fadeIn&quot;,&quot;_animation_delay&quot;:100}\" data-widget_type=\"heading.default\">\n\t\t\t\t<div class=\"elementor-widget-container\">\n\t\t\t<h1 class=\"elementor-heading-title elementor-size-default\"><a name=\"kinesio\"><\/a>\nLa kin\u00e9siologie<\/h1>\t\t<\/div>\n\t\t\t\t<\/div>\n\t\t\t\t<div class=\"elementor-element elementor-element-8d84f28 elementor-invisible elementor-widget elementor-widget-text-editor\" data-id=\"8d84f28\" data-element_type=\"widget\" data-settings=\"{&quot;_animation&quot;:&quot;fadeIn&quot;,&quot;_animation_delay&quot;:200}\" data-widget_type=\"text-editor.default\">\n\t\t\t\t<div class=\"elementor-widget-container\">\n\t\t\t\t\t\t\t<p style=\"text-align: left;\"><strong>Le corps conna\u00eet le probl\u00e8me et sa solution!<\/strong>\u00a0 \u00a0 \u00a0 \u00a0 \u00a0 \u00a0 \u00a0 \u00a0 \u00a0 \u00a0 \u00a0 \u00a0 \u00a0 \u00a0 \u00a0 \u00a0 \u00a0<br \/>La kin\u00e9siologie est un ensemble de techniques douces qui ont pour objectif de maintenir ou de r\u00e9tablir l\u2019\u00e9quilibre global d\u2019une personne \u00e0 diff\u00e9rents niveaux : physique, \u00e9nerg\u00e9tique, \u00e9motionnel, mental\u2026<br \/>C\u2019est une approche \u00e9ducative et non m\u00e9dicale du bien-\u00eatre et de la sant\u00e9. Elle vise \u00e0 stimuler les capacit\u00e9s de chacun et \u00e0 consolider ou retrouver votre pouvoir de choix et d\u2019action.<\/p><p style=\"text-align: left;\"><strong>\u00ab\u00a0Tout ce qui ne s\u2019exprime pas, s\u2019imprime\u00a0\u00bb<\/strong><strong> <br \/><\/strong>Notre corps garde en m\u00e9moire l\u2019ensemble des \u00e9v\u00e8nements de notre vie, depuis notre conception. Ainsi peurs, douleurs et stress v\u00e9cus sont inscrits dans nos cellules, m\u00eame lorsque notre mental les a oubli\u00e9s. Or, ces r\u00e9actions pass\u00e9es conditionnent souvent \u00e0 notre insu nos comportements pr\u00e9sents et nous emp\u00eachent d\u2019\u00e9voluer. Nous avons l\u2019impression d\u2019\u00eatre coinc\u00e9s, de ne pas avoir le choix.<br \/>De plus, si notre corps a la capacit\u00e9 naturelle de s\u2019\u00e9quilibrer tout seul, un exc\u00e8s de stress entra\u00eene parfois des \u00abcourts-circuits\u00bb. Il faut alors l\u2019aider \u00e0 retrouver l\u2019\u00e9quilibre.<\/p><p><strong>Ce que la kin\u00e9siologie n\u2019est pas <br \/><\/strong>La kin\u00e9siologie n\u2019est pas une m\u00e9decine ni une th\u00e9rapie.<br \/>Le kin\u00e9siologue n\u2019\u00e9tablit aucun diagnostic m\u00e9dical, ne prescrit pas et ne traite pas. Il ne demande jamais de suspendre un traitement m\u00e9dical en cours.<\/p>\t\t\t\t\t\t<\/div>\n\t\t\t\t<\/div>\n\t\t\t\t<div class=\"elementor-element elementor-element-7b988b4c elementor-invisible elementor-widget elementor-widget-text-editor\" data-id=\"7b988b4c\" data-element_type=\"widget\" data-settings=\"{&quot;_animation&quot;:&quot;fadeIn&quot;,&quot;_animation_delay&quot;:200}\" data-widget_type=\"text-editor.default\">\n\t\t\t\t<div class=\"elementor-widget-container\">\n\t\t\t\t\t\t\t<p><em>\u00ab\u00a0\u00c9tymologiquement, le terme kin\u00e9siologie d\u00e9signe l\u2019\u00e9tude du mouvement, des d\u00e9placements dans l\u2019espace, de la cin\u00e9tique des muscles et des articulations.\u00a0\u00bb<\/em><\/p>\t\t\t\t\t\t<\/div>\n\t\t\t\t<\/div>\n\t\t\t\t\t<\/div>\n\t\t<\/div>\n\t\t\t\t<div class=\"elementor-column elementor-col-50 elementor-inner-column elementor-element elementor-element-0119f94\" data-id=\"0119f94\" data-element_type=\"column\">\n\t\t\t<div class=\"elementor-widget-wrap elementor-element-populated\">\n\t\t\t\t\t\t<div class=\"elementor-element elementor-element-19d343e elementor-widget elementor-widget-image\" data-id=\"19d343e\" data-element_type=\"widget\" data-widget_type=\"image.default\">\n\t\t\t\t<div class=\"elementor-widget-container\">\n\t\t\t\t\t\t\t\t\t\t\t\t\t<img fetchpriority=\"high\" width=\"764\" height=\"1024\" src=\"https:\/\/carolinegarric-kinesiologie.com\/wp-content\/uploads\/2021\/11\/2.1-Presentation-kinesiologie-light-1-764x1024.jpg\" class=\"attachment-large size-large wp-image-690\" alt=\"\" srcset=\"https:\/\/carolinegarric-kinesiologie.com\/wp-content\/uploads\/2021\/11\/2.1-Presentation-kinesiologie-light-1-764x1024.jpg 764w, https:\/\/carolinegarric-kinesiologie.com\/wp-content\/uploads\/2021\/11\/2.1-Presentation-kinesiologie-light-1-224x300.jpg 224w, https:\/\/carolinegarric-kinesiologie.com\/wp-content\/uploads\/2021\/11\/2.1-Presentation-kinesiologie-light-1-768x1029.jpg 768w, https:\/\/carolinegarric-kinesiologie.com\/wp-content\/uploads\/2021\/11\/2.1-Presentation-kinesiologie-light-1-1146x1536.jpg 1146w, https:\/\/carolinegarric-kinesiologie.com\/wp-content\/uploads\/2021\/11\/2.1-Presentation-kinesiologie-light-1-1528x2048.jpg 1528w, https:\/\/carolinegarric-kinesiologie.com\/wp-content\/uploads\/2021\/11\/2.1-Presentation-kinesiologie-light-1-scaled.jpg 1910w\" sizes=\"(max-width: 764px) 100vw, 764px\" \/>\t\t\t\t\t\t\t\t\t\t\t\t\t<\/div>\n\t\t\t\t<\/div>\n\t\t\t\t\t<\/div>\n\t\t<\/div>\n\t\t\t\t\t<\/div>\n\t\t<\/section>\n\t\t\t\t<section class=\"elementor-section elementor-inner-section elementor-element elementor-element-1da31954 elementor-section-boxed elementor-section-height-default elementor-section-height-default\" data-id=\"1da31954\" data-element_type=\"section\">\n\t\t\t\t\t\t<div class=\"elementor-container elementor-column-gap-default\">\n\t\t\t\t\t<div class=\"elementor-column elementor-col-100 elementor-inner-column elementor-element elementor-element-be69fd8\" data-id=\"be69fd8\" data-element_type=\"column\">\n\t\t\t<div class=\"elementor-widget-wrap\">\n\t\t\t\t\t\t\t<\/div>\n\t\t<\/div>\n\t\t\t\t\t<\/div>\n\t\t<\/section>\n\t\t\t\t\t<\/div>\n\t\t<\/div>\n\t\t\t\t\t<\/div>\n\t\t<\/section>\n\t\t\t\t<section class=\"elementor-section elementor-top-section elementor-element elementor-element-3baa2a14 elementor-section-boxed elementor-section-height-default elementor-section-height-default\" data-id=\"3baa2a14\" data-element_type=\"section\" data-settings=\"{&quot;background_background&quot;:&quot;classic&quot;}\">\n\t\t\t\t\t\t<div class=\"elementor-container elementor-column-gap-default\">\n\t\t\t\t\t<div class=\"elementor-column elementor-col-100 elementor-top-column elementor-element elementor-element-1d538c18\" data-id=\"1d538c18\" data-element_type=\"column\">\n\t\t\t<div class=\"elementor-widget-wrap elementor-element-populated\">\n\t\t\t\t\t\t<section class=\"elementor-section elementor-inner-section elementor-element elementor-element-bf9128a elementor-section-boxed elementor-section-height-default elementor-section-height-default\" data-id=\"bf9128a\" data-element_type=\"section\">\n\t\t\t\t\t\t<div class=\"elementor-container elementor-column-gap-default\">\n\t\t\t\t\t<div class=\"elementor-column elementor-col-50 elementor-inner-column elementor-element elementor-element-ea0ab4b\" data-id=\"ea0ab4b\" data-element_type=\"column\">\n\t\t\t<div class=\"elementor-widget-wrap elementor-element-populated\">\n\t\t\t\t\t\t<div class=\"elementor-element elementor-element-fcb7819 elementor-widget elementor-widget-heading\" data-id=\"fcb7819\" data-element_type=\"widget\" data-widget_type=\"heading.default\">\n\t\t\t\t<div class=\"elementor-widget-container\">\n\t\t\t<h2 class=\"elementor-heading-title elementor-size-default\"><a name=\"sur-quoi\"><\/a>\nSur quoi agit-elle ?<\/h2>\t\t<\/div>\n\t\t\t\t<\/div>\n\t\t\t\t<div class=\"elementor-element elementor-element-306d3914 elementor-invisible elementor-widget elementor-widget-text-editor\" data-id=\"306d3914\" data-element_type=\"widget\" data-settings=\"{&quot;_animation&quot;:&quot;fadeIn&quot;,&quot;_animation_delay&quot;:200}\" data-widget_type=\"text-editor.default\">\n\t\t\t\t<div class=\"elementor-widget-container\">\n\t\t\t\t\t\t\t<p><strong>La kin\u00e9siologie permet d\u2019agir sur :<\/strong><\/p>\n<p>\u2022 le stress \u00e9motionnel et psychique,<br>\u2022 les peurs, les angoisses,<br>\u2022 les douleurs, les tensions physiques, les d\u00e9s\u00e9quilibres posturaux,<br>\u2022 la col\u00e8re, les conflits<br>\u2022 le sommeil, la fatigue,<br>\u2022 le deuil, la s\u00e9paration<br>\u2022 les difficult\u00e9s d\u2019apprentissage, la concentration, la m\u00e9moire, l&rsquo;organisation<br>\u2022 le d\u00e9veloppement personnel, la confiance en soi, la communication, le changement, les relations, la prise de d\u00e9cision et les choix,<br>\u2022 le stress des \u00e9tudes, l\u2019appr\u00e9hension des examens ou d\u2019un entretien,<br>\u2022 l\u2019accomplissement d\u2019objectifs personnel ou professionnels,<br>\u2022 l\u2019am\u00e9lioration des performances sportives, la r\u00e9cup\u00e9ration<br>\u2022 le stress sp\u00e9cifique \u00e0 l\u2019enfant (en lien avec l\u2019\u00e9cole, le sommeil, la s\u00e9paration avec les parents, les difficult\u00e9s d\u2019apprentissage, la coordination, la cr\u00e9ativit\u00e9, les relations, l\u2019hypersensibilit\u00e9\u2026).<br>&#8230; et bien d\u2019autres motifs encore<\/p>\t\t\t\t\t\t<\/div>\n\t\t\t\t<\/div>\n\t\t\t\t\t<\/div>\n\t\t<\/div>\n\t\t\t\t<div class=\"elementor-column elementor-col-50 elementor-inner-column elementor-element elementor-element-cf61d73\" data-id=\"cf61d73\" data-element_type=\"column\">\n\t\t\t<div class=\"elementor-widget-wrap elementor-element-populated\">\n\t\t\t\t\t\t<div class=\"elementor-element elementor-element-99d78be elementor-widget elementor-widget-image\" data-id=\"99d78be\" data-element_type=\"widget\" data-widget_type=\"image.default\">\n\t\t\t\t<div class=\"elementor-widget-container\">\n\t\t\t\t\t\t\t\t\t\t\t\t\t<img width=\"841\" height=\"1024\" src=\"https:\/\/carolinegarric-kinesiologie.com\/wp-content\/uploads\/2021\/11\/2.2-sur-quoi-agit-elle-light-2-841x1024.jpg\" class=\"attachment-large size-large wp-image-691\" alt=\"\" srcset=\"https:\/\/carolinegarric-kinesiologie.com\/wp-content\/uploads\/2021\/11\/2.2-sur-quoi-agit-elle-light-2-841x1024.jpg 841w, https:\/\/carolinegarric-kinesiologie.com\/wp-content\/uploads\/2021\/11\/2.2-sur-quoi-agit-elle-light-2-246x300.jpg 246w, https:\/\/carolinegarric-kinesiologie.com\/wp-content\/uploads\/2021\/11\/2.2-sur-quoi-agit-elle-light-2-768x936.jpg 768w, https:\/\/carolinegarric-kinesiologie.com\/wp-content\/uploads\/2021\/11\/2.2-sur-quoi-agit-elle-light-2-1261x1536.jpg 1261w, https:\/\/carolinegarric-kinesiologie.com\/wp-content\/uploads\/2021\/11\/2.2-sur-quoi-agit-elle-light-2-1681x2048.jpg 1681w\" sizes=\"(max-width: 841px) 100vw, 841px\" \/>\t\t\t\t\t\t\t\t\t\t\t\t\t<\/div>\n\t\t\t\t<\/div>\n\t\t\t\t\t<\/div>\n\t\t<\/div>\n\t\t\t\t\t<\/div>\n\t\t<\/section>\n\t\t\t\t\t<\/div>\n\t\t<\/div>\n\t\t\t\t\t<\/div>\n\t\t<\/section>\n\t\t\t\t<section class=\"elementor-section elementor-top-section elementor-element elementor-element-279b8faf elementor-section-full_width elementor-section-content-top elementor-section-height-default elementor-section-height-default\" data-id=\"279b8faf\" data-element_type=\"section\">\n\t\t\t\t\t\t<div class=\"elementor-container elementor-column-gap-wide\">\n\t\t\t\t\t<div class=\"elementor-column elementor-col-100 elementor-top-column elementor-element elementor-element-24827bd4\" data-id=\"24827bd4\" data-element_type=\"column\">\n\t\t\t<div class=\"elementor-widget-wrap elementor-element-populated\">\n\t\t\t\t\t\t<section class=\"elementor-section elementor-inner-section elementor-element elementor-element-7c8f222d elementor-section-full_width elementor-section-height-default elementor-section-height-default\" data-id=\"7c8f222d\" data-element_type=\"section\">\n\t\t\t\t\t\t<div class=\"elementor-container elementor-column-gap-default\">\n\t\t\t\t\t<div class=\"elementor-column elementor-col-100 elementor-inner-column elementor-element elementor-element-694d3baa\" data-id=\"694d3baa\" data-element_type=\"column\">\n\t\t\t<div class=\"elementor-widget-wrap elementor-element-populated\">\n\t\t\t\t\t\t<div class=\"elementor-element elementor-element-7593e197 elementor-invisible elementor-widget elementor-widget-heading\" data-id=\"7593e197\" data-element_type=\"widget\" data-settings=\"{&quot;_animation&quot;:&quot;fadeIn&quot;,&quot;_animation_delay&quot;:100}\" data-widget_type=\"heading.default\">\n\t\t\t\t<div class=\"elementor-widget-container\">\n\t\t\t<h2 class=\"elementor-heading-title elementor-size-default\"><a name=\"origines\"><\/a>\nSes origines<\/h2>\t\t<\/div>\n\t\t\t\t<\/div>\n\t\t\t\t\t<\/div>\n\t\t<\/div>\n\t\t\t\t\t<\/div>\n\t\t<\/section>\n\t\t\t\t<section class=\"elementor-section elementor-inner-section elementor-element elementor-element-2a7faeb5 elementor-section-full_width elementor-reverse-tablet elementor-reverse-mobile elementor-section-height-default elementor-section-height-default\" data-id=\"2a7faeb5\" data-element_type=\"section\">\n\t\t\t\t\t\t<div class=\"elementor-container elementor-column-gap-extended\">\n\t\t\t\t\t<div class=\"elementor-column elementor-col-50 elementor-inner-column elementor-element elementor-element-5d9eee56\" data-id=\"5d9eee56\" data-element_type=\"column\">\n\t\t\t<div class=\"elementor-widget-wrap elementor-element-populated\">\n\t\t\t\t\t\t<div class=\"elementor-element elementor-element-31651a3 elementor-widget elementor-widget-text-editor\" data-id=\"31651a3\" data-element_type=\"widget\" data-widget_type=\"text-editor.default\">\n\t\t\t\t<div class=\"elementor-widget-container\">\n\t\t\t\t\t\t\t<h4><strong>Br\u00e8ve histoire de la kin\u00e9siologie<\/strong><\/h4>\n<p><b>Touch for Health \u00ab\u00a0la sant\u00e9 par le toucher\u00a0\u00bb<\/b>,<b> <\/b>la kin\u00e9siologie que nous \u00e9voquons ici d\u00e9coule des travaux du docteur George Goodheart, chiropracteur am\u00e9ricain, qui d\u00e9couvrit dans les ann\u00e9es 1960 la relation entre les muscles, les m\u00e9ridiens d\u2019acupuncture, les organes et certains points r\u00e9flexes du corps. Parall\u00e8lement, il mit au point un ensemble de tests musculaires pour avoir acc\u00e8s \u00e0 des informations au niveau du corps.<br>A partir de ces d\u00e9couvertes, il d\u00e9veloppe alors une nouvelle discipline, la Kin\u00e9siologie Appliqu\u00e9e (Applied Kinesiology). Cette discipline d\u00e9finit la sant\u00e9 comme la r\u00e9sultante de l\u2019\u00e9quilibre entre les aspects nutritionnel, structurel et \u00e9motionnel de la personne.<br>Quelques ann\u00e9es apr\u00e8s, un de ses \u00e9l\u00e8ves, John Thie, va permettre la diffusion de ces connaissances en les rassemblant sous l\u2019intitul\u00e9 <strong>Touch for Health<\/strong> (\u00ab Sant\u00e9 par le Toucher \u00bb).<\/p>\n<p><b>Depuis, d\u2019autres branches de la kin\u00e9siologie se sont d\u00e9velopp\u00e9es, notamment :<\/b><\/p>\n<p>\u2022<strong> Brain Gym ou \u00e9ducation kinesth\u00e9sique (encore appel\u00e9e \u00e9du-kin\u00e9siologie),<\/strong> mis au point par le Dr Paul Dennisson (instituteur puis Docteur en Sciences de l\u2019\u00e9ducation), sp\u00e9cialiste du d\u00e9veloppement des capacit\u00e9s d\u2019apprentissage \u00e0 travers la coordination c\u00e9r\u00e9brale. L\u2019objectif de la m\u00e9thode Brain Gym est de restaurer le processus naturel de l\u2019apprentissage qui se d\u00e9compose en deux temps : phase de rep\u00e9rage et d\u2019automatisme. Les exercices Brain gym lib\u00e8rent nos capacit\u00e9s d\u2019apprentissage bloqu\u00e9es qui nous emp\u00eachent d\u2019aller au-del\u00e0 de la premi\u00e8re phase. Ces blocages proviennent de l\u2019incapacit\u00e9 \u00e0 g\u00e9rer le stress et l\u2019incertitude qu\u2019entra\u00eene toute nouvelle t\u00e2che. Brain gym permet l\u2019int\u00e9gration de trois dimensions de l\u2019intelligence : lat\u00e9ralit\u00e9, centrage, focalisation.<br>\u2022<strong> Three in One Concept (\u00ab Trois concepts en Un \u00bb<\/strong>) qui s\u2019adresse en particulier \u00e0 la sph\u00e8re \u00e9motionnelle. L\u2019objectif de ce cursus est de r\u00e9habiliter notre capacit\u00e9 de choix l\u00e0 o\u00f9 il semble ne plus y en avoir. Sa philosophie et ses techniques centr\u00e9es essentiellement sur la personne en fait un courant unique et tr\u00e8s attachant. Un des concepts cl\u00e9 : Tout probl\u00e8me physique ou d\u2019apprentissage rel\u00e8ve en partie d\u2019une cause \u00e9motionnelle qui programme<\/p>\t\t\t\t\t\t<\/div>\n\t\t\t\t<\/div>\n\t\t\t\t\t<\/div>\n\t\t<\/div>\n\t\t\t\t<div class=\"elementor-column elementor-col-50 elementor-inner-column elementor-element elementor-element-1bf4f1ae\" data-id=\"1bf4f1ae\" data-element_type=\"column\">\n\t\t\t<div class=\"elementor-widget-wrap elementor-element-populated\">\n\t\t\t\t\t\t<div class=\"elementor-element elementor-element-99f8d83 elementor-widget elementor-widget-image\" data-id=\"99f8d83\" data-element_type=\"widget\" data-widget_type=\"image.default\">\n\t\t\t\t<div class=\"elementor-widget-container\">\n\t\t\t\t\t\t\t\t\t\t\t\t\t<img width=\"1024\" height=\"683\" src=\"https:\/\/carolinegarric-kinesiologie.com\/wp-content\/uploads\/2021\/09\/4.2-Ma-formation-1024x683.jpg\" class=\"attachment-large size-large wp-image-199\" alt=\"\" srcset=\"https:\/\/carolinegarric-kinesiologie.com\/wp-content\/uploads\/2021\/09\/4.2-Ma-formation-1024x683.jpg 1024w, https:\/\/carolinegarric-kinesiologie.com\/wp-content\/uploads\/2021\/09\/4.2-Ma-formation-300x200.jpg 300w, https:\/\/carolinegarric-kinesiologie.com\/wp-content\/uploads\/2021\/09\/4.2-Ma-formation-768x512.jpg 768w, https:\/\/carolinegarric-kinesiologie.com\/wp-content\/uploads\/2021\/09\/4.2-Ma-formation-1536x1024.jpg 1536w, https:\/\/carolinegarric-kinesiologie.com\/wp-content\/uploads\/2021\/09\/4.2-Ma-formation-2048x1365.jpg 2048w\" sizes=\"(max-width: 1024px) 100vw, 1024px\" \/>\t\t\t\t\t\t\t\t\t\t\t\t\t<\/div>\n\t\t\t\t<\/div>\n\t\t\t\t<div class=\"elementor-element elementor-element-3347ebdc elementor-invisible elementor-widget elementor-widget-text-editor\" data-id=\"3347ebdc\" data-element_type=\"widget\" data-settings=\"{&quot;_animation&quot;:&quot;fadeIn&quot;,&quot;_animation_delay&quot;:200}\" data-widget_type=\"text-editor.default\">\n\t\t\t\t<div class=\"elementor-widget-container\">\n\t\t\t\t\t\t\t<p><em>\u00ab\u00a0Je mobilise ces trois courants durant la s\u00e9ance, en fonction des besoins de la personne.\u00a0\u00bb<\/em><\/p>\t\t\t\t\t\t<\/div>\n\t\t\t\t<\/div>\n\t\t\t\t\t<\/div>\n\t\t<\/div>\n\t\t\t\t\t<\/div>\n\t\t<\/section>\n\t\t\t\t\t<\/div>\n\t\t<\/div>\n\t\t\t\t\t<\/div>\n\t\t<\/section>\n\t\t\t\t<\/div>\n\t\t","protected":false},"excerpt":{"rendered":"<p>La kin\u00e9siologie Le corps conna\u00eet le probl\u00e8me et sa solution!\u00a0 \u00a0 \u00a0 \u00a0 \u00a0 \u00a0 \u00a0 \u00a0 \u00a0 \u00a0 \u00a0 \u00a0 \u00a0 \u00a0 \u00a0 \u00a0 \u00a0La kin\u00e9siologie est un ensemble de techniques douces qui ont pour objectif de maintenir ou de r\u00e9tablir l\u2019\u00e9quilibre global d\u2019une personne \u00e0 diff\u00e9rents niveaux : physique, \u00e9nerg\u00e9tique, \u00e9motionnel, mental\u2026C\u2019est une &hellip;<\/p>\n<p class=\"read-more\"> <a class=\"\" href=\"https:\/\/carolinegarric-kinesiologie.com\/index.php\/la-kinesiologie\/\"> <span class=\"screen-reader-text\">La kin\u00e9siologie<\/span> Lire la suite\u00a0\u00bb<\/a><\/p>\n","protected":false},"author":1,"featured_media":0,"parent":0,"menu_order":0,"comment_status":"closed","ping_status":"closed","template":"","meta":{"site-sidebar-layout":"no-sidebar","site-content-layout":"page-builder","ast-global-header-display":"","ast-main-header-display":"","ast-hfb-above-header-display":"","ast-hfb-below-header-display":"","ast-hfb-mobile-header-display":"","site-post-title":"disabled","ast-breadcrumbs-content":"","ast-featured-img":"disabled","footer-sml-layout":"","theme-transparent-header-meta":"default","adv-header-id-meta":"","stick-header-meta":"","header-above-stick-meta":"","header-main-stick-meta":"","header-below-stick-meta":""},"_links":{"self":[{"href":"https:\/\/carolinegarric-kinesiologie.com\/index.php\/wp-json\/wp\/v2\/pages\/8"}],"collection":[{"href":"https:\/\/carolinegarric-kinesiologie.com\/index.php\/wp-json\/wp\/v2\/pages"}],"about":[{"href":"https:\/\/carolinegarric-kinesiologie.com\/index.php\/wp-json\/wp\/v2\/types\/page"}],"author":[{"embeddable":true,"href":"https:\/\/carolinegarric-kinesiologie.com\/index.php\/wp-json\/wp\/v2\/users\/1"}],"replies":[{"embeddable":true,"href":"https:\/\/carolinegarric-kinesiologie.com\/index.php\/wp-json\/wp\/v2\/comments?post=8"}],"version-history":[{"count":133,"href":"https:\/\/carolinegarric-kinesiologie.com\/index.php\/wp-json\/wp\/v2\/pages\/8\/revisions"}],"predecessor-version":[{"id":697,"href":"https:\/\/carolinegarric-kinesiologie.com\/index.php\/wp-json\/wp\/v2\/pages\/8\/revisions\/697"}],"wp:attachment":[{"href":"https:\/\/carolinegarric-kinesiologie.com\/index.php\/wp-json\/wp\/v2\/media?parent=8"}],"curies":[{"name":"wp","href":"https:\/\/api.w.org\/{rel}","templated":true}]}}